s divided by 36.
28
Calculate the remainder when 1309 is divided by 2 + 9/21*301.
130
Calculate the remainder when (-4845)/(-38) + 4/(-8) is divided by 17.
8
Let v(i) = -13*i. Suppose 4*z + 2*f - 802 = 0, -3*f = -4*z + 11318 - 10461. Calculate the remainder when z is divided by v(-3).
11
Suppose -2*f + 208 - 132 = -364. What is the remainder when 545 is divided by f?
105
Let h = 68 - 46. Let n = -18 + h. Suppose -2*k - k = 4*t - 18, 2*k = -n. Calculate the remainder when 37 is divided by t.
1
Suppose -3*p + 3*q + 54 = 0, 2*p + 93 - 135 = 5*q. Suppose 23*o - p*o - 154 = 0. What is the remainder when 49 is divided by o?
5
Suppose -12 = b - 4*g - 6, 0 = g - 6. What is the remainder when 122 is divided by b?
14
Suppose -2*i + 2*z + 26 = 0, 7*i - 68 = 2*i + 4*z. Suppose -93 = -5*r - 3*n, 5*n - 56 = -3*r + 3*n. What is the remainder when r/(-15)*(-150)/4 is divided by i?
13
Suppose 59 = -2*o + 39. Let v(u) = -2*u**2 - 25*u + 5. Calculate the remainder when v(o) is divided by 9.
1
Suppose 110*v - 25181 = -39*v. Calculate the remainder when 349 is divided by v.
11
Let o(f) = -2*f**2 - 12*f - 12. Let m be 3/(-1) - -2 - 4. Let r be o(m). Let u(i) = -i**3 - 3*i**2 - i + 5. What is the remainder when 3 is divided by u(r)?
0
Let v(o) = 412*o - 2011. Calculate the remainder when (-2*1)/(2/(-195)) is divided by v(5).
48
Let m be 17498/78 + (-1)/3. Suppose 0 = 13*x - 17*x + m. Let c = x + -31. What is the remainder when 98 is divided by c?
23
Let m(i) be the first derivative of i**4/4 - 2*i**3 + i**2 - 5*i + 58. Calculate the remainder when m(8) is divided by 28.
27
Suppose -5*s + 311 = -5*r - 184, 3*s = -3*r + 261. What is the remainder when 1203 is divided by s?
87
Suppose -4*i - 3*i = -336. Suppose -2*y - 4*t - 8 = 0, 0 = 3*y - 0*y - 3*t + i. Let s = 45 + y. What is the remainder when 63 is divided by s?
30
Let p be (0 - -60)/((-38)/(-133)). Let w = p + -200. What is the remainder when w is divided by 2?
0
Let i = 668 + -377. Suppose -3*y + i = -5*s - 0*y, 0 = 4*s - 4*y + 228. Let o = 14 - s. What is the remainder when o is divided by 19?
17
Let k = 85 - 48. Let d(x) = -8162*x - 57086. What is the remainder when d(-7) is divided by k?
11
Suppose p + 5*z - 5924 - 14291 = 0, -80732 = -4*p - 4*z. Calculate the remainder when p is divided by 19.
16
Suppose -20402 = -3*u - n, 592*u - 3*n = 595*u - 20406. What is the remainder when u is divided by 108?
104
Let k(o) = 2*o**3 - 5*o**2 - 34*o + 90. Calculate the remainder when 17872 is divided by k(2).
16
Suppose -3*h - 2325 = -3*b, 0 = -b + 4*h + 665 + 131. Calculate the remainder when b is divided by 153.
3
Let i be -7 + 5/(3 + 2). Let j be (-2 - -7) + i + 6. Suppose 36 = 3*w + w + 3*l, 2*w - j*l - 44 = 0. Calculate the remainder when 34 is divided by w.
10
Suppose -7*z = -451 - 277. Suppose -6*m + z = -112. What is the remainder when m is divided by 13?
10
Let r(v) = v**3 + 13*v**2 - 17*v - 27. Calculate the remainder when r(-12) is divided by 108.
105
Let k = -321 + 324. Suppose -v - k*p + 343 = 0, -3*v - 2*p + 1029 = -3*p. What is the remainder when v is divided by 15?
13
Let m be (-6)/24 - 1/((-4)/701). Suppose a + 6*a = m. What is the remainder when 44 is divided by a?
19
Let w(a) = -191*a - 1108. Let m = 421 - 299. Calculate the remainder when m is divided by w(-6).
8
Let d(y) = 4*y. Let f = -117 + 205. Suppose -f*g = -77*g - 66. What is the remainder when d(7) is divided by g?
4
Let a = 10966 - 7201. Calculate the remainder when a is divided by 24.
21
Calculate the remainder when 1609 + ((-39)/(-4) - (-110)/440) is divided by 45.
44
Let n = 333 + -325. Calculate the remainder when 1/(-1) - (7 + -221) is divided by n.
5
Calculate the remainder when -14*1 + -106 + 4830 is divided by 40.
30
Let h(u) = -u. Let w be h(3). Calculate the remainder when 4/((-388)/(-96) - 4) is divided by -2*15/6*(w + -2).
21
Let m(t) = 136*t**3 - 4*t**2 + 3*t - 1. What is the remainder when m(3) is divided by 81?
80
Let d(o) = o**3 - 21*o**2 - 20*o - 40. Let n be d(22). Suppose 2*p = n*u - 218, -u = -4*p - 84 + 33. Calculate the remainder when u is divided by 14.
13
Let k(b) = 51*b**2 + 4*b - 48*b**2 + 4 - 2 - b**3. Let q be k(-1). What is the remainder when 32 is divided by (5/((-10)/(-44)))/q?
10
Let u = -108 + 135. Let v = u - 723. What is the remainder when (-1)/7 + v/(-21) is divided by 9?
6
Let z be (-5 - -7)/(3 - 2). Suppose z*d = -5*m + 121, 72 + 37 = 2*d + m. What is the remainder when d is divided by 19?
15
Suppose -2*t = u - 246 + 63, -2*t + 92 = 14*u. Suppose 36 = 2*h + h. What is the remainder when t is divided by h?
11
Suppose 4*r = -4*m + 4540, -m + 2273 = 17*r - 15*r. Calculate the remainder when r is divided by 191.
183
Suppose z - 4*t - 21 = 0, -18 - 24 = -2*z + 4*t. Suppose 11*o = -z - 221. Let y(l) = -l**2 - 22*l + 39. Calculate the remainder when y(o) is divided by 7.
4
Suppose 214 = 5*w - 6*y + 9*y, 2*y - 211 = -5*w. Suppose -4*o + 12 - 4 = 0. Calculate the remainder when w is divided by (50/2 - -1) + o.
13
Suppose 3*d = 26*d - 299. Let f(z) = -6*z + 103. Calculate the remainder when 37 is divided by f(d).
12
Suppose f = 3*i - 185, i - 59 = -37*f + 38*f. What is the remainder when 194 is divided by i?
5
Let v(i) = i**3 - 9*i**2 + 12*i - 32. Let l be v(8). Suppose -3*z + 5*t = -l*t - 462, -5*t = z - 154. Calculate the remainder when z is divided by 31.
30
Let h = -842 + 858. Calculate the remainder when 108 is divided by h.
12
Let f = -21 - -53. Suppose -613*z + 620*z = 0. Suppose 45*c - 39*c - 750 = z. Calculate the remainder when c is divided by f.
29
Suppose 6*n = -31 + 193. What is the remainder when 3/(-2 + 3) + n + -2 is divided by (20/6)/(3/9)?
8
Let p = 7111 - 7027. What is the remainder when 509 is divided by p?
5
Let s(t) = 8 + 2 + 5*t - 4 + 22*t. What is the remainder when 39 is divided by s(0)?
3
Let c = -81 + 82. What is the remainder when ((-700)/105)/(c/(-36)) is divided by 62?
54
Suppose 1980 = q + 4*p, 32*p = 5*q + 29*p - 9854. What is the remainder when q is divided by 104?
100
Let m(d) = 2*d**3 - 64*d**2 + 65*d + 3. Calculate the remainder when 488 is divided by m(31).
8
Let h = -9550 + 10934. What is the remainder when h is divided by 9?
7
Suppose 4*o = 2*a - 28, 2*o - 6*o = -3*a + 30. Calculate the remainder when 425 is divided by ((-77)/42 + o/(-4))*-258.
81
Let d = 50 + -37. Let w = 131 + -124. Calculate the remainder when 3 + (-1312)/(-28) - (-1)/w is divided by d.
11
Let z(d) = 2*d**3 + 27. Let x be z(0). Let k = 38 - x. Suppose -4*q + 4*s = -152, 43 = q + 5*s - s. Calculate the remainder when q is divided by k.
6
Let r = -2629 + 2903. What is the remainder when r is divided by 11?
10
Let p be 24/(-15) + 27/45. Let z(r) = 22*r**2 + r - 1. Let k be z(p). Suppose -3*j = -k - 22. Calculate the remainder when 67 is divided by j.
11
Let h(x) = x**2 + 20*x - 557. What is the remainder when h(-41) is divided by 93?
25
Suppose -2*f + 14 = b, 8*b + 3*f = 3*b + 91. Calculate the remainder when 5598 is divided by b.
18
Let a(m) = -m**2 + 8*m + 1. Let i be a(8). Suppose 4 = g - i. Let u(h) = 220*h - 4394. What is the remainder when u(20) is divided by g?
1
Suppose -470 = s - 516. Calculate the remainder when (951/(-2))/(-3)*2 is divided by s.
41
Suppose -g + 6 = 5*j, 4*g + 31 = 2*j + 11. What is the remainder when 175 - g/(28/(-49)) is divided by 43?
39
Let g(d) = d**2 - 5*d - 1. Let c be g(7). Suppose 7*i + 804 = c*i. Calculate the remainder when i is divided by 46.
42
Suppose -3*y + 4*f + 36 = -101, -2*y + 4*f = -98. What is the remainder when 171 is divided by y?
15
Let q = -74 + -38. Let d = q - -121. Let t = 9 + d. What is the remainder when 69 is divided by t?
15
Let b be 483/98 + (-1)/(-14). Suppose 4*r - 60 = 5*f, b*f - 7 - 13 = -4*r. Calculate the remainder when 117 is divided by r.
7
Let m(s) = s**2 + 13*s + 38. Let y be m(-3). Let a = 111 - 48. Suppose -a = -4*n + k, -4*k + 12 = -y. What is the remainder when 48 is divided by n?
14
Suppose -2*g = -2*y - 20, 0*g - 2*y = g + 5. Suppose -5*x + 2*f = -80, -3*x + g*f = f - 34. Calculate the remainder when 123 is divided by x.
15
Let o = -26 + 19. Calculate the remainder when 255 is divided by (o - (-11)/2)*(-32)/6.
7
Let h(d) = -5*d + 32. Let p be h(6). Calculate the remainder when 50 is divided by -28*((-18)/7 + p).
2
Suppose p - 333 =